. What is the highest common factor of 9 and f?
3
Suppose -2*o = o - 1296. Suppose -14*f = -2*f - o. Calculate the greatest common divisor of 54 and f.
18
Let s(d) = -3*d**2 - 4*d - 2. Let j be s(-2). Let u be (-106)/j + 2/(-3). Let l = -3470 + 3555. What is the greatest common factor of u and l?
17
Let r = 17 + 19. Let h(t) = -23*t + 1. Let l be h(-1). Calculate the greatest common divisor of r and l.
12
Let i be 10 - ((-68)/(-14) - 2/(-14)). Let v be (-5 - 1)/3 + 17. What is the highest common factor of v and i?
5
Let f = 650 - -598. Let v = f + -872. What is the greatest common factor of v and 47?
47
Let w be (-3696)/(-16) - (-1)/(0 + 1). Let t be 1/4 - 1150/(-40). What is the greatest common factor of w and t?
29
Let m(i) = 4*i - 4. Let d be m(-4). Let r be 1/(-4) - 25/d. Let v be ((-48)/(-20))/(r/5). Calculate the highest common divisor of 30 and v.
6
Let a = 26 + -15. Suppose -4*m - t = -0*t + 57, -2*m = -t + 27. Let g = a - m. What is the highest common factor of 275 and g?
25
Let y(f) = -f**3 + 11*f**2 + 16*f + 12. Let h be y(12). What is the highest common divisor of 140 and h?
20
Suppose -1758 = -7*v + 979. What is the greatest common factor of v and 23?
23
Suppose 15*g + 10912 - 34852 = 0. What is the greatest common divisor of g and 12?
12
Let n = 12 - 7. Suppose -3*f + 4*f = 4. Suppose -3*l = -4*i - 16 + f, 3*i + 20 = n*l. What is the highest common divisor of 44 and l?
4
Let m(j) = -j**3 - j**2 + 5*j - 1. Let c be m(-2). Let h(f) = -46*f + 47. Let p be h(c). What is the highest common factor of 41 and p?
41
Suppose -2*h - h + 3*b + 111 = 0, 0 = -3*h + 4*b + 108. What is the greatest common factor of 180 and h?
20
Let o = 195 - 189. Let b be 10 + 0/2 - -2. What is the greatest common divisor of o and b?
6
Let t = -2082 + 3479. Calculate the highest common factor of 11 and t.
11
Suppose -y = -6*d + 3*d + 309, -90 = -d - 4*y. Let c be (-310)/(-18) + 8/(-36). Calculate the greatest common divisor of d and c.
17
Let s(a) = 106 + 74 + 2*a - 133 + 6*a. Let i be s(6). What is the highest common factor of i and 38?
19
Suppose -g + 268 = 3*x, 33 = -3*x + 3*g + 285. Suppose -4*y + x = -0*y. Suppose -458*n - 396 = -243*n - 227*n. Calculate the highest common divisor of n and y.
11
Let p = -77 + 62. Let k = p + 37. Calculate the greatest common factor of 22 and k.
22
Suppose -5*v + 416 = -u, 5*v - 1533*u = -1530*u + 408. Let b be 22 + (0 - -1)/(-1). Calculate the highest common divisor of v and b.
21
Let p(a) = 4*a**2 + a - 1. Let x(n) = -n + 2. Let r be x(4). Let m = r + 5. Let i be p(m). Calculate the highest common factor of i and 57.
19
Let r = 2 - -4. Suppose 0 = 3*t + r, 2*t + 87 = 4*k - 61. Calculate the greatest common factor of k and 54.
18
Let y(g) = g**3 - 3*g**2 + g - 1. Let b be y(2). Let q be ((-30)/(-4))/(b/(-6)). Let i = -301 + 311. What is the greatest common factor of q and i?
5
Let w be 22 + ((-26)/(-6) + -3)*-3. Suppose -7*j = -w*j + 352. Calculate the greatest common divisor of j and 16.
16
Let c = 70 - 47. Let v(q) = 3*q**3 + q**2 - 1. Let z be v(1). Suppose o = -5*i + 233, 3*o - i + z*i = 751. What is the greatest common divisor of o and c?
23
Let o = 181 - 121. What is the highest common factor of 132 and o?
12
Let z = 1655 - 1598. Calculate the greatest common divisor of z and 532.
19
Suppose -5*q + 4*h - 101 = 62, 0 = -5*h - 15. Let c = -83 + q. Let v = c + 202. What is the highest common divisor of v and 12?
12
Suppose -5*l = -9*o + 4*o + 180, 0 = 5*l + 4*o + 144. Suppose -124*b + 123*b = 48. Let r = l - b. What is the greatest common factor of r and 128?
16
Suppose -y + 3*z + 2 = 0, -5*y - 2*z = -6 - 72. Let n = y - 6. Let b = 160 - 112. What is the greatest common factor of n and b?
8
Suppose -7*s = -0*s + 210. Let k = s + 63. What is the highest common divisor of k and 22?
11
Let m = -664 - -822. Calculate the highest common factor of 2 and m.
2
Let t = 6 - 10. Let a be 6/t + (-2)/(-4). Let g be 1 + 0 - 31/a. Calculate the greatest common divisor of g and 32.
32
Let f(k) = -k**2 - 6*k - 3. Let b be f(-5). Let q = -37 + 65. Let j = 38 - q. What is the highest common divisor of j and b?
2
Suppose 0 = -2*b + 3*y + 19, 4*y + 20 = 0. Suppose -b*j = 2*c - 342, j = -2*j + c + 501. Calculate the highest common factor of 24 and j.
24
Suppose -26*t + 42 = -20*t. What is the highest common divisor of 77 and t?
7
Let s(j) = j**2 - 6*j + 12. Let v be s(4). Suppose 5*r + x - 49 = 2*r, v*r - 64 = -x. Calculate the greatest common divisor of 60 and r.
15
Let p be 136/10 + ((-16)/(-20))/2. Let i(q) = 5*q**3 - 4*q**2 + 4*q - 4. Let s be i(2). What is the greatest common divisor of s and p?
14
Let g(t) = 37*t + 44. Let n be g(2). What is the greatest common divisor of 2 and n?
2
Suppose -5*q - y = -71, -6*y + y + 5 = 0. Calculate the greatest common factor of q and 1694.
14
Let w be (-4 - -9 - -63) + -8. What is the highest common factor of 940 and w?
20
Suppose -3*n - 31 - 29 = 0. Let w = -15 - n. What is the greatest common factor of w and 55?
5
Let r be ((-64)/(-10) - 6)/(2/3180). Calculate the highest common factor of r and 12.
12
Suppose d = -3*n + 65, n + 3*d = 3 + 8. Let y = -1642 - -1665. What is the highest common divisor of n and y?
23
Let y be 32 + -24 - 2*2. Suppose y*r = -2*r + 378. Calculate the greatest common divisor of 42 and r.
21
Suppose 3*y = -0*m - 5*m - 235, -2*y = -3*m - 160. Let l = 127 + m. Let h(s) = -48*s - 85. Let n be h(-2). What is the highest common divisor of l and n?
11
Suppose -5*o + 4*h + 113 = 0, -o = -6*o - 3*h + 134. Suppose -o*i = -13*i - 480. What is the greatest common factor of i and 16?
8
Suppose 664*m - 728 = 656*m. Calculate the highest common divisor of m and 234.
13
Suppose 8 = 3*v + v. Suppose 0 = 5*l - h - 717, 0*l + 282 = 2*l - v*h. Suppose -32 = -d - d. What is the greatest common divisor of l and d?
16
Suppose -122*b - k + 556 = -117*b, 0 = 2*b - 2*k - 232. What is the highest common factor of b and 308?
28
Suppose 2*g = -5*o + 9 + 27, -3*o = 2*g - 28. Suppose -g*d = -2*d - 420. Let z = -11 - -21. Calculate the greatest common factor of z and d.
10
Let u = 2750 - 2050. What is the highest common factor of u and 420?
140
Let r = -11 + 10. Let k be ((-3)/5 - r)*20. What is the highest common factor of k and 1?
1
Let k(o) = o**2 + 8*o + 110. Let l be k(12). Calculate the greatest common divisor of 30 and l.
10
Let a(z) = 23*z - 10. Let c(w) = -w**2 - 4*w. Let j be c(-3). Let l be j + (-2)/2 + 3. Let f be a(l). What is the highest common divisor of f and 15?
15
Suppose -t + 29 = 2*s, -64 - 7 = -3*t - 2*s. Let c = 0 + -51. Let h = 93 + c. What is the greatest common divisor of t and h?
21
Let f = 24 - 19. Suppose -25 = -f*h, 0*s + h = 3*s - 25. Let m be 72/s*25/5. Calculate the greatest common divisor of 24 and m.
12
Let x(g) = 883*g - 3. Let v be x(1). Calculate the highest common factor of v and 55.
55
Let i be 1*5*30/(-50) - -8. What is the greatest common factor of i and 3?
1
Let k(w) = 2*w - 7. Let z be k(5). Let l be 8 - -1 - (-1 + z). Let i = 11 - l. Calculate the greatest common divisor of 32 and i.
4
Let v be ((-7)/(-4))/((-5)/60). Let r = v + 20. Let z = 10 + r. Calculate the greatest common divisor of 18 and z.
9
Let l(z) = -z + 21. Let h be l(0). Let p(y) = -y + 7. Let b be p(7). Suppose b = m - 7. Calculate the highest common factor of h and m.
7
Let z be (-20)/(-12)*(-12)/(-10). Let u be 3/(-2) - 1/z. Let h(c) = 89*c**2 + 3*c + 2. Let m be h(u). Calculate the highest common divisor of m and 32.
32
Suppose 11*a - 169 = 227. Calculate the greatest common factor of a and 936.
36
Let d = 1029 + -1001. Calculate the highest common factor of d and 8.
4
Let g(w) = 3*w**2 - 11*w + 8. Let f be g(7). Suppose 12*y - f = 15*y. Let v = y - -42. Calculate the highest common factor of 144 and v.
16
Let k = 238 + 34. Let i = -292 - -326. Calculate the greatest common divisor of k and i.
34
Let g = 24 - -15. Suppose 0 = -15*n + 12*n + g. What is the greatest common factor of n and 39?
13
Let v = 12 + -14. Let i(m) = -6*m. Let g be i(v). Calculate the highest common factor of 132 and g.
12
Let m be 4 - -336 - (13 - 6). Calculate the highest common factor of 37 and m.
37
Suppose -10*h + 2871 = 23*h. What is the highest common factor of 3 and h?
3
Let t(i) = 2*i**3 + 33*i**2 - 21*i - 47